u(i)?
4
Let v(w) = -w**2 + 4*w + 8. Let i be v(6). Let o be (-2)/i*(-72)/(-18). Let z(p) = 4*p**3 - p + 2*p**2 + 0*p**2 - o*p**2 - 2*p**2. Determine z(-1).
-5
Let g = 33/35 - 389/420. Let l(k) be the third derivative of 2*k**2 - 1/3*k**3 + 0*k + g*k**5 + 0*k**4 + 0. Calculate l(-3).
7
Let g(h) = -h**2 + 4*h - 1. Let p(n) = 8*n**2 - 22*n + 4. Let c(v) = -5*g(v) - p(v). Determine c(2).
-7
Let n(r) be the second derivative of -r**6/720 - r**5/40 - 7*r**4/4 - 3*r. Let a(o) be the third derivative of n(o). What is a(-5)?
2
Suppose -5*n - 10 = 0, 21*n - 18*n = 4*o - 26. Let f(u) be the first derivative of u**3/3 - 7*u**2/2 + 4*u + 1. What is f(o)?
-6
Let y(f) = -3*f**2 - 14*f + 7. Let n(x) = -2*x**2 - 7*x + 4. Let l(d) = -5*n(d) + 3*y(d). Suppose -12*r + 318 = -1086. Let q = -111 + r. Calculate l(q).
-5
Let k = -222 - -226. Let q(v) = v + 1. What is q(k)?
5
Let x(o) = -7*o**2 + 1. Let a(m) = m**2 - 11*m + 23. Let b be a(9). Suppose -3*v = 2*d + 3*d - b, -v = -d + 1. What is x(d)?
-6
Suppose -2*u + 0 = o - 1, -2*u = -2*o + 2. Let x(v) = v**2 - v + 8. Calculate x(u).
8
Suppose 0 = -91*z + 82*z - 36. Let n(v) = v**3 + 4*v**2 - 5*v - 1. Determine n(z).
19
Let i(u) = -3*u + 4. Let c(f) be the first derivative of -f**4/6 + 3*f**2/2 + 7. Let o(w) be the second derivative of c(w). Let b be o(-1). Determine i(b).
-8
Let p be (-1 - (4 + -5))/(-1). Let n(u) = u - 18. What is n(p)?
-18
Let d(g) = -g**3 + 20*g**2 + 22*g - 17. Suppose -2*k - 55 = -3*m, -3*m + 5*k + 40 = -3. Give d(m).
4
Suppose 0 = y - 0*y + 2. Suppose 0 = -0*c - 4*c + 5*h + 23, 0 = c - h - 5. Let j(w) = 114*w**c + 2 - 4*w - 116*w**2 + 4*w. Calculate j(y).
-6
Let f = 66 + -51. Let x(n) = -n. Give x(f).
-15
Let z(l) = -8*l - 1. Suppose -5*s = -10*s - 30. Let p be s/(-8) + 5/4. Suppose -5*j = -2*r - 1, -4*r - 23 = p*j - 9. Determine z(j).
7
Suppose 29*v - 32*v = -57. Suppose 4*t + v = -2*y + 3*y, t - 2*y = -3. Let s(b) be the second derivative of -b**4/12 - b**3/3 + 2*b**2 + 3*b. Calculate s(t).
-11
Let c(a) = a**3 - 3*a**2 - 2*a + 2. Suppose 0 = -n - 0*n + 8. Let g be (-18)/(-4)*4/6. Suppose g*f = f + n. What is c(f)?
10
Let o(m) = 3*m. Suppose 3*f = 5*k - 16, -k + 22 = 5*f + 2. Suppose -2*t + 4*r = 14, 4*t + 9*r + 28 = 4*r. Let l = k + t. What is o(l)?
-6
Suppose -3 = 3*y - 4*y - 2*b, -2*b = -4*y + 2. Let m(j) be the second derivative of -j**5/5 - j**3/3 + j**2/2 - j - 21. Give m(y).
-5
Suppose -3*q = -4*w - 10, -23*q - 2*w + 2 = -21*q. Let j(u) = 9*u - 2. What is j(q)?
16
Let c(s) = 62*s + 0 - 58*s - 6. Calculate c(-8).
-38
Let u(c) = 4*c**3 - 10*c**2 - 17*c + 6. Let h(v) = 7*v**3 - 21*v**2 - 33*v + 15. Let z(t) = -3*h(t) + 5*u(t). Calculate z(14).
-15
Let p = -88 - -98. Suppose -30 - p = 5*k. Let m(b) = b**2 + 9*b + 5. Determine m(k).
-3
Let g(c) = -c**3 - 6*c**2 + 8*c + 3. Let f be g(-7). Let i(b) = 6*b - 228*b**2 - b + 4*b - 5 + 229*b**2 - 5*b. What is i(f)?
-5
Let x(p) = 1 - 2 + 4*p - 7*p. Let k = -667 + 668. Give x(k).
-4
Let l(w) = -5*w**2 - 13*w + 15. Let a(h) = 4*h**2 + 12*h - 14. Let q(s) = 6*a(s) + 5*l(s). Give q(6).
-3
Let j = 1 + 11. Suppose 5*k + 5 = 4*b - j, -2*b + 9 = -3*k. Let y(v) be the first derivative of -v**4/4 - 2*v**3/3 - v**2/2 + 3. Calculate y(k).
0
Let n(w) = -13*w**2 - 5*w + 9. Let h(t) = -15*t**2 - 4*t + 11. Let a(q) = 6*h(q) - 7*n(q). What is a(0)?
3
Let t be -7*(48/(-7) - 0). Suppose -4*v + 3*v + 62 = 3*w, 0 = -4*w - 2*v + 84. Let j(a) = -1 - t*a**2 + a**3 + 25*a**2 + w*a**2 + a. Give j(3).
2
Let p(t) = 661*t**2 - 663*t**2 + 34 - 15 - 19 - t + t**3. Let r be (-16)/(-7) + 4/(-14). What is p(r)?
-2
Suppose 3*s = 3*r + 9, 5*r + s = -24 + 15. Let w(f) = 2*f**3 + 3*f**2 + 2*f + 2. Determine w(r).
-6
Let z(c) = 2*c**3 - 29*c**2 - 29*c - 21. Let j(t) = t**3 - 14*t**2 - 14*t - 10. Let y(r) = 7*j(r) - 3*z(r). Calculate y(12).
5
Let i(r) be the first derivative of 0*r**2 + 5 + 0*r - 4/3*r**3 + 1/24*r**4 + 1/60*r**5. Let s(l) be the third derivative of i(l). What is s(3)?
7
Let s(g) = 4*g - 1. Let f(c) = -3*c + 2. Let o(b) = -7*f(b) - 6*s(b). What is o(-7)?
13
Let f(k) = -39*k**3 + 7*k**2 - 45*k**3 + 16*k - k**2 + 83*k**3 + 2. What is f(8)?
2
Let o(r) be the third derivative of -r**6/360 - r**5/120 - r**4/8 + 5*r**3/2 - 9*r**2. Let u(y) be the first derivative of o(y). Determine u(0).
-3
Suppose 9 = 6*q - 15. Suppose -67*c = -66*c + q. Let o(h) be the third derivative of -h**5/60 - h**4/8 + h**3/2 - 4*h**2. What is o(c)?
-1
Let a(o) = o**3 + 5*o**2 - 6. Let p(n) = n**3 - 10*n**2 + 7*n + 12. Let v be p(9). Let z = 1 + v. Calculate a(z).
-6
Suppose 150*n - 48 = 144*n. Let r(u) = 4*u**2 + 21*u + 6. Let s(p) = -p**2 - 7*p - 2. Let a(o) = 2*r(o) + 7*s(o). Determine a(n).
6
Let f be 12/(-64)*-4*-4. Let c = 9 + f. Let k(o) = -o**3 + 7*o**2 - 7*o + 1. Determine k(c).
-5
Suppose 0 = 792*b - 801*b - 27. Let n(u) be the first derivative of 1 - 3*u + 2/3*u**3 + 3/2*u**2. Give n(b).
6
Suppose -19 - 2 = -3*k + 5*r, 0 = 5*k + 2*r - 35. Suppose g + 5 = -4*t, -t + 3*g = k + 4. Let w(s) = -2*s**2 + s - 1. Determine w(t).
-11
Let i(d) = -d**3 - 17*d**2 + 18*d - 3. Let p be i(-18). Let f(m) = m**3 - m**2 - m + 1. Calculate f(p).
-32
Let w(s) = -5*s - 1. Let n be w(1). Let i = 7 + -1. Let r(m) = i - 4*m - 4*m - 1 - m**2 + 2*m. What is r(n)?
5
Let l(n) = 2 + 3*n**2 - n**3 + 1 + 1 + n. Let w(y) = -y**3 - 5*y**2 + 7*y + 9. Let g be w(-6). Let x be 11/g - 3/(-9). What is l(x)?
-8
Let q(y) be the second derivative of -3*y - 1/6*y**4 + 0*y**2 - 1/40*y**5 + 0 + 1/6*y**3. Let a(c) be the second derivative of q(c). Give a(3).
-13
Let g(o) be the second derivative of -o**3/3 + 8*o. Let v(m) = 2*m + 1. Let x(j) = -j**2 - 5*j - 7. Let b be x(-4). Let h be v(b). Calculate g(h).
10
Let v(t) = -15*t - 1. Let h(a) = 32*a + 14. Let w(y) = h(y) + 2*v(y). What is w(-11)?
-10
Let l(d) be the second derivative of d**5/20 + 7*d**4/12 + 2*d**3/3 - d**2/2 - 12*d. Suppose -v + 5*w = -5*v - 9, -4*v - 39 = -5*w. Determine l(v).
11
Suppose -354 = -0*n - 6*n. Let k = -64 + n. Let x(c) = -c**2 - c + 4. Calculate x(k).
-16
Let z(l) = l**3 + 2*l**2 - 39*l + 72. Let s be z(-8). Let d(u) be the third derivative of s*u - 4*u**2 + 13/6*u**3 + 1/24*u**4 + 0. Give d(-7).
6
Let l(m) = -5*m + 21 - 9*m - m + 13*m + 4. Determine l(7).
11
Let o(c) = c**2 + 6*c + 7. Let u(s) = s**2 + 7*s + 8. Let n be u(-6). Suppose 3 = -a - n. Give o(a).
2
Let o(y) = -20*y**2 - 12*y - 29. Let v(d) = -7*d**2 - 4*d - 10. Let n(p) = 6*o(p) - 17*v(p). Let x be (1/(-3))/(7/357). Let l = x - -14. What is n(l)?
-1
Let k(s) = -4*s - 7. Let l(a) = -4*a - 7. Let u(c) = -5*k(c) + 6*l(c). What is u(-5)?
13
Suppose -439*d - 2 = -437*d. Let j(k) = -11*k**3 + k. Calculate j(d).
10
Let u(w) = w**3 + 6*w**2 - 3*w + 6. Let f(d) = 8*d**2. Let l be f(1). Let p(t) = t**2 - 7*t - 15. Let c be p(l). Calculate u(c).
-22
Let h = 5 - 3. Let k(v) = -3 + v**3 - v**h + 7 - 6*v + v. Let x = 95 - 92. Determine k(x).
7
Let g(c) be the second derivative of -7*c**4/12 + c**3/6 - c**2/2 + 2*c - 40. What is g(-2)?
-31
Let l be -2*(2 + -1) - -4. Let h(r) = -r**2 - 1. Let o(j) = 19*j - 5*j + 1 - 13*j + 2*j**2. Let k(g) = 3*h(g) + 2*o(g). What is k(l)?
7
Let r(w) = -2*w**2 - 25*w - 8. Let j(o) = -2*o**2 + 53*o - 153. Let s be j(3). What is r(s)?
4
Let b(t) = 3*t**2 - 25*t - 11. Let g(j) = 5*j**3 - j - 1. Let l be g(-1). Let n(z) = z**2 - 12*z - 6. Let m(c) = l*n(c) + 2*b(c). What is m(-6)?
-16
Let i = -102 + 108. Let v(p) = 12 + i*p - 14*p + 9*p. What is v(-9)?
3
Let z(k) be the third derivative of -k**6/120 + k**5/12 + k**4/12 - 2*k**3/3 + 155*k**2 - k. Let j(o) = 2*o + 1. Let y be j(2). Give z(y).
6
Suppose 3*z + 6 = -d + 3*d, 0 = -4*z - 16. Let i(l) be the first derivative of 2*l**3/3 + 5*l**2/2 + 3*l - 10. Give i(d).
6
Let d(h) = 1872*h**2 + 10 - 12*h - 1873*h**2 + 1. Determine d(-13).
-2
Let n be 1*(0 + 0) + 0. Let g(m) be the third derivative of 0 - 5/6*m**3 - 1/120*m**6 + 1/60*m**5 + 0*m + 16*m**2 + 1/24*m**4. What is g(n)?
-5
Let j(q) = 104*q - 9*q - 13*q - 22*q - 28*q. Calculate j(-1).
-32
Let w(i) be the second derivative of -10*i + 0*i**2 + 0 - 1/6*i**3 - 1/12*i**4. Give w(-3).
-6
Let f(r) = 1557 + 0*r + 3*r - 1548. Determine f(-6).
-9
Let n(z) = 5*z**3 + 4*z**2 + 2*z + 1. Let m(c) = 4*c**3 + 4*c**2 + c + 2. Let b(k) = -6*m(k) + 5*n(k). What is b(3)?
-4
Let g be 4361/(-623) - 0*